3. Let v = 250 - 232. What is the tens digit of t(v)?
6
Suppose 0 = -4*q + 2*y - 8, q - 3*y = -4*q - 12. Let x be (-1)/3*(-3 + (0 - q)). What is the tens digit of 3 + 36 + -3 + x?
3
Suppose 0 = -76*m + 90*m - 31696. Let k = -1089 + m. What is the units digit of k?
5
Suppose 2*z = 0, 24*d = 25*d + z - 33. What is the hundreds digit of d/3 + -2 + -4 + 1110?
1
Let a(v) = -3*v. Let g(h) = 32*h - 33. Let f(k) = 24*a(k) - 3*g(k). What is the hundreds digit of f(-6)?
1
Let p = 11403 - 6800. What is the hundreds digit of p?
6
Suppose -3886000 = 361*o - 477*o. What is the hundreds digit of o?
5
Suppose 3700542 = -520*g + 10017502. What is the hundreds digit of g?
1
Let y(n) be the second derivative of 9*n**5/10 - 5*n**4/12 + n**3/3 + 5*n**2/2 + n + 106. What is the units digit of y(4)?
5
Let x(o) = 64*o**3 + 2*o**2 + 2*o. Suppose 6*p + 1 = 5*p. Let a be x(p). What is the tens digit of (80/a)/(1/(-116))?
4
Suppose -3*n - 3*q - 15 = 0, 0 = -5*n - 7*q + 4*q - 15. Suppose 3*r - 4*d + 7*d - 429 = 0, n = 4*d + 4. Suppose r = -5*o + 14*o. What is the tens digit of o?
1
Suppose -3*g + 3*n + 3357 = 0, 14*n = 3*g + 13*n - 3359. What is the tens digit of g?
2
Let f(k) = -2*k**3 + 55*k**2 + k - 419. What is the units digit of f(22)?
7
Let v be (-28)/(-10) + 12/60. Let j = 88 + v. What is the units digit of 3 + -2 + 2 + j?
4
Suppose -3*h + 5*q + 41989 + 59008 = 0, 2*h - 67374 = -2*q. What is the ten thousands digit of h?
3
Suppose 0 = -2*j + 179321 - 66575. What is the ten thousands digit of j?
5
Let z(o) = -o**3 - o**2 + o + 4. Let m be z(-2). Let b = 15 + m. Suppose d + b = 36. What is the units digit of d?
5
Let x be ((-6)/(-4))/(6/2152). Suppose -38*a + 864 = -35*a + 3*r, r = -4*a + 1137. Let d = x - a. What is the hundreds digit of d?
2
Suppose 3*v = 1347 - 21. Suppose 2*g + 108 = v. What is the units digit of g?
7
Suppose -4*p + 4*m = -10936, 4*p - 19*m - 10927 = -24*m. What is the thousands digit of p?
2
Suppose -4*o - 25 = -3*m, 4*o + 13 = 2*m - 5. Suppose 7*a - 560 = -m. Suppose -7*n = -8*n + a. What is the tens digit of n?
7
Let b(c) = -c**3 - 14*c**2 - 25*c + 4. Let n be b(-11). What is the hundreds digit of (-6304)/(-12) - (4 - n/(-18))?
5
Let w be (-13980)/(-14) - 159/(-371). Let n = w - 394. What is the tens digit of n?
0
Suppose -8*i = -1686 + 302. Let b = 334 + i. What is the units digit of b?
7
Suppose -75*c - 1246 = -82*c. Let m = c + -136. What is the units digit of m?
2
Let b = -263 + 267. Suppose 7*o = b*o + 2655. What is the hundreds digit of o?
8
Let k = 18613 - 10773. What is the thousands digit of k?
7
Suppose -20217 = -4*d - x, 5049 = d - 3*x + 5*x. What is the hundreds digit of d?
0
Suppose -4*q = -202 - 206. Let c = 105 - q. What is the hundreds digit of 2/c - (1965/(-9) - -1)?
2
Let f be ((-3)/(-4))/(25/21900). Let x = f + 1114. What is the units digit of x?
1
Let k = -140 - -81. Let r = k - -66. Suppose r*n - 2*n = 685. What is the hundreds digit of n?
1
Let w = -7288 + 25608. What is the units digit of w?
0
Suppose 0 = 5*s - 5*x - 30, 2*s - x - 2 = 7. Let j be s + (-21762)/(-22) - (-2)/(-11). Suppose -6*p = 2*p - j. What is the units digit of p?
4
Suppose 1009514 - 14056657 = -677*g - 1848209. What is the thousands digit of g?
6
Let c(w) = -w**2 + 6*w + 5. Let p be c(6). Let v(j) = 3*j**3 - j**2 - 2*j + 5. Let q be v(p). Let x = 577 - q. What is the units digit of x?
2
Suppose 0 = -3*i + s + 64031, 65*s = -i + 70*s + 21339. What is the hundreds digit of i?
3
Suppose 0 = 5*x - 5*z - 45, -x + z - 6*z - 21 = 0. Let y be -2 + 65 + (-9)/(-12)*x. Let i = y - 8. What is the units digit of i?
8
Let s(r) = 30*r**2 - r + 2. Let d be s(1). Suppose -t + 2*z - 4*z + d = 0, 4*t - 102 = 3*z. What is the hundreds digit of 1773/12 + t/(-36)?
1
Let p(m) = -42*m + 244. Let k be p(23). Let x = -327 - k. What is the units digit of x?
5
Let l be (61305/268)/(1/(40/3)). Let a = -2023 + l. What is the thousands digit of a?
1
Let d = 1241 - 2720. Let a be d/15 + (-3)/(-5). Let u = -50 - a. What is the units digit of u?
8
Let l(q) = 47*q - 9. Let b be l(2). Suppose -b = -111*y + 106*y. What is the units digit of y?
7
Suppose n + 384 = 5*n - 4*f, 5*n = 3*f + 480. Suppose n = 9*q - 3*q. What is the units digit of (-24)/q*14/(-3)?
7
Let b(u) = -u**2 + 19*u - 9. Let t be b(19). What is the tens digit of (t/6)/((-1)/((-1866)/(-9)))?
1
Let w(l) = l**2 - 6*l - 12. Let s be w(6). Let g be (-10)/4*24/(s/(-3)). Let t = g - -45. What is the units digit of t?
0
Suppose 71*h - 131*h + 13*h + 1949607 = 0. What is the ten thousands digit of h?
4
Let n = -553 - -594. Suppose -2*s + 1001 - n = -5*z, 1972 = 4*s + 3*z. What is the hundreds digit of s?
4
Let n(l) = 126*l**2 + 12*l + 113. What is the hundreds digit of n(7)?
3
What is the tens digit of (-2)/(-11) + (884695/253 - (18 + -4))?
8
Let k(i) = -2383*i - 9447. What is the thousands digit of k(-30)?
2
Let r(a) = -12*a + 337. Let u(n) = -14*n + 337. Let z(b) = -2*r(b) + 3*u(b). What is the hundreds digit of z(0)?
3
Suppose -260*z - 33*z + 3516293 = 0. What is the units digit of z?
1
Suppose 25*w = 19*w + 60. What is the units digit of (1070/(-15))/(w/(-75))?
5
Let u = 963 - 886. Suppose k - 19 - 7 = 0. Suppose -3*s - k = -u. What is the units digit of s?
7
Let y(p) be the third derivative of -p**6/18 - p**5/24 + p**4/3 - 4*p**2. Let o(r) be the second derivative of y(r). What is the tens digit of o(-2)?
7
Let b = 24036 + 31172. What is the thousands digit of b?
5
Let d(r) = 2*r**2 - 10*r + 29. Let x be d(-10). Suppose 241 = -6*h - x. Let u = h + 98. What is the units digit of u?
3
Let d(m) = -37*m**2 + 34 - 45*m**2 + 81*m**2 + 23*m. What is the units digit of d(23)?
4
Let a = 22 - 18. Let h(n) = 22*n - 15. Let i be h(a). Let u = i + -39. What is the units digit of u?
4
What is the units digit of (630/24)/21*11860?
5
Let k(d) be the third derivative of -111*d**4/8 + 5*d**3/6 - d**2 - 52. What is the units digit of k(-1)?
8
Suppose -2*j - 33155 = -5*j + 4*c, j - 11089 = -4*c. What is the units digit of j?
1
Let w = 40 - 35. Suppose -5*l - w*o - 10 = 0, -4*l - 30 = -9*l + 5*o. Suppose -l*u - 15 = -5*u, 2*j = -4*u + 306. What is the tens digit of j?
4
Let y be -1*38 + (-4)/4. Let z = y - -43. Suppose 0 = -z*m + 5*p + 184, -m + 3*m - 92 = -2*p. What is the units digit of m?
6
Let w = -4 - -5. Suppose -2*d + 14 = -2*u, -u - 4*d + 16 = 38. What is the tens digit of (((-156)/(-15))/w)/((-2)/u)?
5
Let l(r) = 30*r - 8. Let i(k) = 32*k - 18. Let w be i(1). What is the hundreds digit of l(w)?
4
Suppose -b = 0, q + 11 = 2*b - 9. Let j = 42 + q. Suppose 0 = j*y - 26*y + 200. What is the tens digit of y?
5
Let d(n) = 5*n - 5. Let w(x) = x**2 + x + 8. Suppose 4*r = 5*g + 5, 6 = 2*r + 16. Let a be w(g). What is the tens digit of d(a)?
3
Suppose -5*i = -2*t + 3 - 2, -5*t + i + 14 = 0. Suppose 724 - 2740 = -t*j. What is the hundreds digit of j?
6
Suppose 5*f - 5*w + 16 = -3*w, -5*w + 13 = f. Let t = f + -2. What is the units digit of (-1)/(t - (1071/(-268) - 0))?
8
Suppose 5*q - 1056990 = -65*q - 40*q. What is the tens digit of q?
0
What is the hundreds digit of (15 - 32) + 30 + 41116?
1
Let w(b) = 2*b**3 + 70*b**2 + 10*b - 15. Let o be w(-34). Suppose 0 = -19*v + 20558 - o. What is the hundreds digit of v?
9
Let r = 31893 - 18839. What is the thousands digit of r?
3
Let z(u) = 349*u - 1380. What is the thousands digit of z(7)?
1
Let g = -237 + 133. What is the units digit of g*((-10)/4)/5?
2
Suppose 2*g = -24*l + 19*l + 15050, -15 = -3*g. Suppose -762 = -10*c + l. What is the hundreds digit of c?
3
What is the hundreds digit of ((-16869)/2)/((-1 - -10)/(-18))?
8
Let g(k) = -4*k**3 - 22*k**2 - 18*k - 14. Suppose -2*a - 10 = 0, -a + 8 - 27 = 2*q. What is the units digit of g(q)?
6
Suppose -2*o - f - 2*f + 70 = 0, 4*o - 124 = 2*f. Suppose -1 = x - 5*l, -2*l = -l + 5. Let d = x + o. What is the units digit of d?
6
Let b(f) = -f**3 - 12*f**2 + 47*f + 32. Let m be b(-15). Suppose m*k - 1150 = -o, -5*k - 2 = -4*k. What is the units digit of o?
4
Suppose -10*k + 66 = -24. Let n be k/21*(-7)/(-1). What is the tens digit of (-11 + n)*(-11)/2?
4
Suppose 0 = 4*w - 5*x - 71116, -21*w + 14*w = -x - 124391. What is the hundreds digit of w?
7
Let t(d) = d**2 - 2*d. Let z(m) = 7*m**2 - 13*m + 30. Let y(r) = -8*t(r) + z(r). Suppose 0 = 2*f - 3*f. What is 